ive r(-6).
-57
Let u(t) = 19*t**2 + 110*t - 2. Give u(-6).
22
Let m(g) = -25*g**2 - 399*g + 16. Give m(-16).
0
Let m(a) = -a**3 + 13*a**2 + a - 79. Determine m(12).
77
Let t(x) = x**3 - 76*x**2 + 15*x - 1149. Determine t(76).
-9
Let d(r) = -7*r**2 + 89*r - 222. Calculate d(10).
-32
Let m(z) = 2373*z - 7110. Calculate m(3).
9
Let k(o) = -616*o - 1848. Calculate k(-3).
0
Let j(q) = 333*q - 8960. What is j(27)?
31
Let k(g) = 17*g**2 + 67*g + 47. Give k(-3).
-1
Let u(g) = -2*g**2 + 75*g + 121. Give u(39).
4
Let u(d) = 13*d**2 + 108*d + 218. Give u(-2).
54
Let b(f) = -f**2 + 719*f - 7885. Determine b(11).
-97
Let o(w) = w**3 + 10*w**2 - 38*w - 22. Determine o(-13).
-35
Let w(j) = -j**2 + 15*j - 404. Calculate w(0).
-404
Let o(k) = -k - 4. What is o(15)?
-19
Let j(r) = r**2 - 20*r - 60. Determine j(6).
-144
Let c(f) = -3*f**2 - 7*f + 12. Calculate c(2).
-14
Let o(r) = r**3 + 2*r**2 - 21*r - 33. Determine o(5).
37
Let v(y) = 3*y**2 - 2*y + 51. What is v(-7)?
212
Let f(x) = x**3 - 82*x**2 + 5*x - 399. What is f(82)?
11
Let c(j) = j**2 + 50*j + 238. Calculate c(-7).
-63
Let v(l) = 5*l + 121. Determine v(-19).
26
Let i(u) = 2*u**3 + 14*u**2 - 4*u - 99. Calculate i(-8).
-195
Let w(y) = 11*y**3 - 272*y**2 - 77*y + 51. Give w(25).
1
Let x(v) = 632*v - 6957. Determine x(11).
-5
Let a(d) = -223*d + 26085. Determine a(117).
-6
Let a(s) = -s**2 - 8*s - 7. What is a(-7)?
0
Let n(d) = 1656*d - 19879. What is n(12)?
-7
Let z(b) = -b**3 - 8*b**2 + 6*b - 30. Calculate z(-9).
-3
Let y(c) = -14*c + 23. Determine y(-1).
37
Let x(j) = 598*j + 1798. Give x(-3).
4
Let q(f) = -f**3 + 6*f**2 - 2*f - 7. What is q(6)?
-19
Let i(m) = 4*m**3 + 10*m**2 + 23*m - 19. Calculate i(-6).
-661
Let n(t) = -15*t**3 + 509*t**2 + 43*t - 284. Determine n(34).
22
Let p(t) = -12*t + 150. Give p(46).
-402
Let t(j) = -j**3 - 58*j**2 - 2*j + 3141. Calculate t(-57).
6
Let l(g) = 130*g**2 - 4*g - 5. What is l(-1)?
129
Let a(i) = i**3 - 2*i**2 + 59*i + 192. Determine a(-4).
-140
Let j(r) = 7*r**2 + 71*r - 386. Calculate j(7).
454
Let o(p) = p**2 - 3*p - 143. Determine o(-7).
-73
Let s(d) = -d**2 - 157*d - 2407. Give s(-18).
95
Let s(d) = -d**3 - 2*d**2 + 37*d + 91. What is s(-3)?
-11
Let k(i) = -27*i + 566. Determine k(21).
-1
Let v(f) = 16*f + 261. Give v(-13).
53
Let l(v) = -22*v + 218. Give l(8).
42
Let k(b) = -354*b + 1422. Give k(4).
6
Let g(u) = -u**2 - 20*u + 90. Calculate g(4).
-6
Let a(l) = 62*l + 1429. Calculate a(-23).
3
Let b(a) = 3*a**2 - 114*a - 1216. Calculate b(47).
53
Let m(z) = -47*z**2 + 1601*z - 85. What is m(34)?
17
Let m(o) = 44*o + 1520. What is m(-31)?
156
Let c(t) = t**3 - 44*t**2 - 207*t + 746. Determine c(48).
26
Let l(k) = -686*k + 737. Calculate l(1).
51
Let n(j) = 111*j**2 + 17759*j - 155. Give n(-160).
5
Let w(f) = -3*f**2 - 59*f - 119. What is w(-2)?
-13
Let t(o) = -o**3 + 26*o**2 - 134*o - 209. What is t(17)?
114
Let i(d) = -d**2 - 147*d - 3517. Calculate i(-117).
-7
Let p(z) = 608*z - 2489. Determine p(4).
-57
Let u(x) = -x**3 + 6*x**2 + 96*x - 621. Calculate u(7).
2
Let o(y) = -22*y + 1686. Give o(76).
14
Let f(u) = -u**3 - 50*u**2 - 292*u - 3013. Calculate f(-45).
2
Let u(o) = o - 44. Give u(3).
-41
Let k(h) = h**2 + 21*h - 323. Give k(11).
29
Let h(z) = -454*z - 52645. Determine h(-116).
19
Let v(m) = 32*m + 67. Calculate v(-3).
-29
Let l(a) = 4*a**3 - 80*a**2 + 2*a - 16. Determine l(20).
24
Let s(l) = -41*l - 158. Calculate s(-3).
-35
Let c(n) = 31*n + 2767. What is c(-89)?
8
Let x(p) = 2*p**3 - 3*p**2 + 388*p - 387. What is x(1)?
0
Let r(s) = -s**2 + 2308*s + 23202. What is r(-10)?
22
Let h(s) = 69*s + 388. Give h(-11).
-371
Let i(n) = 12*n**2 + 425*n + 586. Determine i(-34).
8
Let q(s) = -32*s**2 - 1728*s + 26. Determine q(-54).
26
Let y(w) = w**2 - 142*w + 2454. Calculate y(123).
117
Let s(o) = -73*o + 8981. Give s(123).
2
Let p(i) = 51*i - 3014. Determine p(60).
46
Let w(i) = -7*i**2 + 6*i - 8. Determine w(-5).
-213
Let n(q) = 167*q - 1995. Determine n(12).
9
Let w(a) = 2*a**3 + 30*a**2 + 8*a + 84. Calculate w(-13).
656
Let w(j) = 31*j - 234. What is w(6)?
-48
Let u(c) = c**2 - 10*c - 422. Calculate u(-16).
-6
Let i(o) = o**3 + 37*o**2 + 126*o - 143. Give i(-33).
55
Let g(n) = n**3 + 2*n**2 + 2*n + 2. Calculate g(0).
2
Let q(n) = 10808*n - 389091. Calculate q(36).
-3
Let s(d) = 51*d - 478. What is s(10)?
32
Let k(f) = -61*f - 3579. What is k(-58)?
-41
Let u(s) = -s**3 + 39*s**2 + 175*s - 98. Give u(43).
31
Let a(y) = y**2 + 11*y - 502. What is a(-28)?
-26
Let k(i) = -i**2 - 136*i - 1379. Calculate k(-11).
-4
Let p(x) = 488*x - 235. What is p(2)?
741
Let r(p) = 52*p + 398. Determine r(-7).
34
Let k(y) = y**3 + 78*y**2 - 236*y + 584. Calculate k(-81).
17
Let h(c) = 2*c**2 + 18. Calculate h(8).
146
Let j(x) = 100*x**2 + 53*x + 50. Determine j(-1).
97
Let h(b) = -5*b - 112. What is h(-16)?
-32
Let s(u) = -2*u**3 - 38*u**2 + 22*u - 23. What is s(-20)?
337
Let f(q) = -q**3 + 19*q**2 + 42*q + 41. Determine f(21).
41
Let j(v) = v**2 - 565*v + 6097. Give j(11).
3
Let l(s) = -s**2 + 22*s - 75. Calculate l(18).
-3
Let s(q) = -9*q**2 + 51*q - 28. Calculate s(5).
2
Let d(l) = l**2 - 176*l + 5044. Calculate d(140).
4
Let c(v) = 7*v - 43. Determine c(-11).
-120
Let r(f) = f**3 + 52*f**2 - 349*f + 15. Calculate r(6).
9
Let k(a) = -3*a**2 + 424*a + 259. Give k(142).
-25
Let j(i) = 3459*i - 13847. Give j(4).
-11
Let i(k) = 5*k**2 - 66*k - 139. Determine i(15).
-4
Let f(d) = -502*d + 101399. Calculate f(202).
-5
Let f(o) = 3*o - 64. Calculate f(-34).
-166
Let r(p) = -9*p - 10. Give r(5).
-55
Let t(w) = 2*w**2 + 87*w - 59. Give t(-44).
-15
Let f(c) = -832*c**2 - 22465*c - 19. Calculate f(-27).
8
Let a(h) = -h**2 - h + 86. Determine a(0).
86
Let f(u) = -13*u**2 - 286*u - 852. Calculate f(-3).
-111
Let z(o) = 422*o + 116046. Give z(-275).
-4
Let k(a) = 3880*a + 89246. Determine k(-23).
6
Let m(o) = -17*o**2 + 35*o - 212. What is m(6)?
-614
Let i(t) = 5*t - 47. Determine i(31).
108
Let b(h) = h**2 - 1728*h - 10411. Determine b(-6).
-7
Let z(l) = 4*l - 161. Give z(37).
-13
Let y(h) = -273*h - 4240. What is y(-16)?
128
Let q(o) = 4*o**2 + 60*o + 436. Calculate q(-10).
236
Let k(m) = -18*m - 770. Determine k(-43).
4
Let q(f) = 3*f**3 + 2*f**2 - 2*f + 979. Give q(0).
979
Let j(p) = p**3 + 16*p**2 - 264*p - 73. Determine j(-26).
31
Let o(l) = 2*l**3 + 64*l**2 + 225*l + 32. What is o(-28)?
4
Let h(x) = x**2 - 71*x + 666. Calculate h(60).
6
Let f(m) = -131*m - 2491. Determine f(-19).
-2
Let d(j) = j**3 - 154*j**2 + 2906*j - 43. Determine d(22).
1
Let b(y) = -433*y + 2201. Give b(5).
36
Let r(z) = -13*z + 66. Determine r(5).
1
Let x(m) = 2*m**3 + 6*m**2 - m + 10. Determine x(-3).
13
Let b(l) = -l**2 + 116*l - 2486. What is b(87)?
37
Let l(w) = 94*w - 2440. What is l(26)?
4
Let k(p) = 58*p**2 + 119*p - 15. What is k(-5)?
840
Let p(s) = 62*s**3 + 7*s**2 + 10*s + 8. Calculate p(-2).
-480
Let b(g) = -117*g - 1789. Determine b(-15).
-34
Let n(k) = k**3 + 11*k**2 + 42*k - 2. Determine n(-4).
-58
Let p(l) = l**2 - 1629*l + 6504. Determine p(4).
4
Let g(m) = 25*m + 158. Calculate g(-15).
-217
Let a(r) = -2202*r - 2265. Determine a(-1).
-63
Let y(d) = d**3 + 17*d**2 - 33*d + 107. Give y(-20).
-433
Let b(a) = -4*a**3 - 305*a**2 - 73*a + 211. What is b(-76)?
-17
Let l(t) = 1014*t - 16232. Calculate l(16).
-8
Let x(w) = -2*w**3 - 48*w**2 - 15*w - 380. Give x(-24).
-20
Let h(a) = a**2 + 53*a - 415. Calculate h(-59).
-61
Let n(d) = d**3 + 7*d**2 - 7*d - 38. Give n(-3).
19
Let f(w) = w**3 - 21*w**2 - 310*w - 11. What is f(-10)?
-11
Let p(m) = 122*m + 4947. Give p(-41).
-55
Let z(d) = 9*d**2 - 13*d - 37. Determine z(-7).
495
Let m(s) = -5*s**2 - 70*s + 440. Determine m(-19).
-35
Let l(i) = -8*i + 39. Give l(10).
-41
Let d(x) = -49*x + 148. Give d(-5).
393
Let a(l) = 2*l**3 - 22*l**2 + 3*l - 14. Calculate a(11).
19
Let r(h) = h**3 - 49*h**2 + 59*h - 416. What is r(48)?
112
Let u(t) = t**2 - 304*t + 7253. Calculate u(26).
25
Let r(k) = 63*k - 252. Give r(4).
0
Let c(p) = -p**2 - 700*p - 44122. Determine c(-70).
-22
Let n(g) = 1586*g + 1572. What is n(-1)?
-14
Let f(l) = -l**3 + 32*l**2 - 221*l + 5887. What is f(31)?
-3
Let k(b) = -b**2 - 659*b - 12136. What is k(-19)?
24
Let x(c) = -2*c**3 - 44*c**2 - 32*c + 208. Calculate x(-21).
-2
Let d(u) = u**3 - 5*u**2 - 102*u + 3. Determine d(-8).
-13
Let g(j